d by 1599?
137
What is the remainder when 10884 is divided by 72?
12
What is the remainder when 679024 is divided by 769?
766
What is the remainder when 202608 is divided by 10?
8
Calculate the remainder when 70048 is divided by 206.
8
Calculate the remainder when 13983 is divided by 4639.
66
Calculate the remainder when 12552 is divided by 18.
6
What is the remainder when 2043 is divided by 5?
3
What is the remainder when 19950 is divided by 199?
50
What is the remainder when 30171 is divided by 7539?
15
Calculate the remainder when 695454 is divided by 747.
744
What is the remainder when 100923 is divided by 64?
59
What is the remainder when 7537 is divided by 30?
7
What is the remainder when 26398 is divided by 29?
8
Calculate the remainder when 7914 is divided by 2077.
1683
What is the remainder when 2351 is divided by 99?
74
What is the remainder when 8727 is divided by 151?
120
What is the remainder when 98844 is divided by 189?
186
What is the remainder when 26906 is divided by 8951?
53
Calculate the remainder when 30626 is divided by 281.
278
What is the remainder when 2648976 is divided by 1541?
1538
What is the remainder when 5953 is divided by 734?
81
What is the remainder when 206 is divided by 19?
16
Calculate the remainder when 6723 is divided by 424.
363
What is the remainder when 147262 is divided by 1030?
1002
Calculate the remainder when 571 is divided by 236.
99
Calculate the remainder when 7518 is divided by 300.
18
What is the remainder when 2568 is divided by 875?
818
What is the remainder when 1573480 is divided by 441?
433
Calculate the remainder when 2377239 is divided by 40.
39
Calculate the remainder when 5800 is divided by 1917.
49
What is the remainder when 12968 is divided by 63?
53
Calculate the remainder when 322829 is divided by 24.
5
Calculate the remainder when 62873 is divided by 42.
41
Calculate the remainder when 3148 is divided by 368.
204
Calculate the remainder when 7995 is divided by 2633.
96
What is the remainder when 42587 is divided by 157?
40
Calculate the remainder when 13929 is divided by 732.
21
What is the remainder when 4538 is divided by 4514?
24
What is the remainder when 28378 is divided by 692?
6
Calculate the remainder when 49425 is divided by 16468.
21
Calculate the remainder when 16275 is divided by 217.
0
What is the remainder when 19941 is divided by 2848?
5
What is the remainder when 90037 is divided by 44902?
233
What is the remainder when 9446 is divided by 2311?
202
Calculate the remainder when 181079 is divided by 7.
3
What is the remainder when 15352 is divided by 13710?
1642
Calculate the remainder when 1497243 is divided by 196.
195
What is the remainder when 931 is divided by 256?
163
Calculate the remainder when 45825 is divided by 28.
17
Calculate the remainder when 357971 is divided by 400.
371
Calculate the remainder when 4668 is divided by 584.
580
Calculate the remainder when 90507 is divided by 431.
428
Calculate the remainder when 2509 is divided by 1077.
355
Calculate the remainder when 100304 is divided by 9.
8
Calculate the remainder when 97709 is divided by 10.
9
Calculate the remainder when 71010 is divided by 23667.
9
What is the remainder when 2892 is divided by 101?
64
Calculate the remainder when 1833173 is divided by 57.
53
Calculate the remainder when 19513 is divided by 343.
305
Calculate the remainder when 19011 is divided by 56.
27
Calculate the remainder when 38541 is divided by 803.
800
What is the remainder when 2490 is divided by 155?
10
What is the remainder when 39259 is divided by 3045?
2719
What is the remainder when 1576 is divided by 298?
86
What is the remainder when 618444 is divided by 16?
12
Calculate the remainder when 10511 is divided by 144.
143
What is the remainder when 5417 is divided by 175?
167
What is the remainder when 55164 is divided by 200?
164
Calculate the remainder when 65856 is divided by 941.
927
What is the remainder when 53962 is divided by 12?
10
What is the remainder when 50521 is divided by 56?
9
Calculate the remainder when 64652 is divided by 61.
53
What is the remainder when 115504 is divided by 100?
4
What is the remainder when 532062 is divided by 79?
76
Calculate the remainder when 72350 is divided by 7.
5
What is the remainder when 348671 is divided by 454?
453
What is the remainder when 19610 is divided by 420?
290
What is the remainder when 50399 is divided by 10071?
44
What is the remainder when 6756 is divided by 67?
56
Calculate the remainder when 21151 is divided by 88.
31
What is the remainder when 3075 is divided by 526?
445
Calculate the remainder when 18811 is divided by 63.
37
Calculate the remainder when 42427 is divided by 1514.
35
What is the remainder when 38352 is divided by 430?
82
Calculate the remainder when 2834 is divided by 102.
80
Calculate the remainder when 152437 is divided by 10888.
5
What is the remainder when 44108 is divided by 4900?
8
Calculate the remainder when 14091 is divided by 4688.
27
What is the remainder when 6619 is divided by 17?
6
Calculate the remainder when 349 is divided by 8.
5
What is the remainder when 284959 is divided by 9192?
7
Calculate the remainder when 2333 is divided by 1166.
1
Calculate the remainder when 4091 is divided by 72.
59
What is the remainder when 65 is divided by 12?
5
What is the remainder when 4678 is divided by 98?
72
Calculate the remainder when 2166 is divided by 2028.
138
Calculate the remainder when 87684 is divided by 408.
372
Calculate the remainder when 21509 is divided by 1131.
20
Calculate the remainder when 663261 is divided by 135.
6
Calculate the remainder when 45519 is divided by 734.
11
What is the remainder when 4677406 is divided by 436?
434
Calculate the remainder when 116558 is divided by 62.
60
What is the remainder when 722601 is divided by 17?
16
Calculate the remainder when 110464 is divided by 55226.
12
What is the remainder when 20171 is divided by 6723?
2
Calculate the remainder when 26730 is divided by 3292.
394
Calculate the remainder when 4651 is divided by 4625.
26
Calculate the remainder when 2779202 is divided by 1265.
1262
Calculate the remainder when 6915427 is divided by 369.
367
Calculate the remainder when 138989 is divided by 73.
70
Calculate the remainder when 8067 is divided by 455.
332
What is the remainder when 166126 is divided by 2443?
2
What is the remainder when 34388 is divided by 3437?
18
Calculate the remainder when 3026 is divided by 435.
416
What is the remainder when 36639 is divided by 18266?
107
Calculate the remainder when 1351 is divided by 1345.
6
Calculate the remainder when 127477 is divided by 226.
13
Calculate the remainder when 500 is divided by 168.
164
Calculate the remainder when 5751 is divided by 442.
5
What is the remainder when 332871 is divided by 1037?
1031
What is the remainder when 854 is divided by 22?
18
Calculate the remainder when 699485 is divided by 349732.
21
What is the remainder when 5075 is divided by 36?
35
Calculate the remainder when 4037 is divided by 1711.
615
What is the remainder when 812 is divided by 228?
128
Calculate the remainder when 76828 is divided by 13.
11
What is the remainder when 2469 is divided by 224?
5
Calculate the remainder when 35304 is divided by 364.
360
What is the remainder when 20029 is divided by 8?
5
Calculate the remainder when 110824 is divided by 484.
472
Calculate the remainder when 221154 is divided by 238.
52
Calculate the remainder when 594234 is divided by 198076.
6
What is the remainder when 27095 is divided by 821?
2
Calculate the remainder when 131485 is divided by 54.
49
What is the remainder when 45216 is divided by 53?
7
Calculate the remainder when 168207 is divided by 22.
17
Calculate the remainder when 91920 is divided by 68.
52
What is the remainder when 361469 is divided by 4?
1
What is the remainder when 440286 is divided by 549?
537
What is the remainder when 18877 is divided by 6200?
277
Calculate the remainder when 431382 is divided by 50.
32
What is the remainder when 103233 is divided by 209?
196
Calculate the remainder when 1438 is divided by 75.
13
Calculate the remainder when 30380 is divided by 7581.
56
What is the remainder when 48070 is divided by 12?
10
What is the remainder when 12879 is di